he tens digit of i?
4
Let c = -26 - -25. What is the tens digit of (10/2 + -6)*(-44 - c)?
4
Let p be 8/(-14) + (-75)/(-21). Suppose p*d - 34 = 38. What is the units digit of d?
4
Suppose 0 = 20*p - 26*p + 4764. What is the hundreds digit of p?
7
Let l be 4/6 - 441/(-27). Suppose 0 = s - 2*s - l. Let c = s - -57. What is the tens digit of c?
4
Let w be (-64)/(-96) - (0 - 46/3). Suppose -w*x = -6*x - 1210. What is the tens digit of x?
2
Let o(a) = -a**2 + 15*a - 15. Let c be o(13). Let g be 4/16 - c/(-4). Suppose 4*v = -g*t - 1 - 1, 3*v - 3*t - 9 = 0. What is the units digit of v?
1
Suppose -2*z = 4*z + 60. Let y be (-1)/(3 + z/3). Suppose r + 2*m - 45 = 0, -y*r + 5*m = 6*m - 150. What is the units digit of r?
1
Suppose -13*a + 2*a = -8613. What is the tens digit of a?
8
Let c be 1/((-2)/(-7) + (-27)/63). What is the tens digit of c/(-14) - (-215)/2?
0
Suppose 346 = 4*k - 7*n + 2*n, 8 = -4*n. Let j = -49 + k. Let v = -15 + j. What is the tens digit of v?
2
Let b be 9/(-7) - (-22)/77 - -2689. Suppose 13*k = b + 926. What is the hundreds digit of k?
2
Let j(s) = 3*s**2 + 9*s + 18. Let k(y) = -y + 1. Let p(i) = j(i) + 6*k(i). What is the hundreds digit of p(6)?
1
Let p(x) = x**3 - 3*x**2 - 5*x - 5. Suppose 3*l = 5*y + 15, 0 = -0*l - 4*l + y + 3. Let n be 8 - (l - 2 - -5). What is the tens digit of p(n)?
2
Let f = 42 - -19. Let v = f + 61. Let m = -67 + v. What is the units digit of m?
5
Suppose -3*n = 0, -24 = -4*f - 3*n + n. Suppose f*r - 2*r - 97 = -a, 0 = 3*r - 15. What is the tens digit of a?
7
What is the units digit of (4392/54)/((-2)/(-3))?
2
Let g = -1539 - -2167. What is the tens digit of g?
2
Let d(a) = -3*a + 4. Let g(l) = -7*l + 7. Let t(y) = -7*d(y) + 4*g(y). Let v be (-2)/(-8) - (-20)/(-16). What is the units digit of t(v)?
7
Let y be (-6)/12*4 + 17. Suppose -y*r + 89 = 29. What is the units digit of r?
4
Suppose 238 = -57*k + 59*k. What is the hundreds digit of k?
1
Suppose 574*c + 4*u = 571*c + 2744, 5*u = c - 883. What is the tens digit of c?
0
Suppose -22 + 23 = l, -543 = -4*j - 3*l. What is the tens digit of j?
3
Let p be (-14)/21*93/(-2). Suppose -i + 46 = -4. Suppose 0 = 5*v + q - p - i, 3*v - 47 = -q. What is the tens digit of v?
1
Let f be -4 + (-9)/3 + 11. Suppose -522 = -f*w - 2*o + 680, -1187 = -4*w - 5*o. What is the units digit of w?
3
Let d be (-2)/8*0 - -34 - -4. Suppose -3*h = -w - d, -64 = -4*h - w - w. What is the units digit of h?
4
Let f(d) = 228 - 229 + 220*d**2 + 100*d**2 + d. What is the hundreds digit of f(1)?
3
What is the tens digit of (72/14)/(93/7378)?
0
Suppose -274*v + 265*v = -52659. What is the tens digit of v?
5
Let t = 20 - 34. Let f = t - -13. Let v = 19 + f. What is the tens digit of v?
1
Suppose -4*m + 11 = 159. Let p = -24 - m. What is the tens digit of p?
1
Suppose b = -b + 272. Suppose b = -3*x + 7*x. Suppose -4*q = -0*s + 2*s - x, -4*s + 2*q = -108. What is the units digit of s?
5
Let t be (2*1)/(3 - 2). Suppose -t*c - c = 2*i - 53, 0 = c - 3*i - 14. Let h = c + 18. What is the tens digit of h?
3
Let o be (-280)/(-6)*1/((-15)/(-36)). Suppose -5*d = -12*d + o. What is the tens digit of d?
1
Let s(m) = m**2 + 7*m - 179. What is the hundreds digit of s(-35)?
8
Let h be (-60)/8*(-4)/6. Suppose -3*l - f + h*f = 57, f - 63 = 4*l. What is the units digit of (-242)/l + (-18)/135?
6
Let x = 4009 + -2473. What is the tens digit of x?
3
Suppose 27 + 133 = 4*q. Let f = q + -36. What is the units digit of f?
4
Let a(u) = u**2 - 14*u - 20. Let p be a(-11). Suppose -2*l + 4*c + 262 = 0, c = 2*l + 4*c - p. What is the units digit of l?
9
Suppose 5*b - 4*f = 626, 3*b - 8*f = -3*f + 373. What is the tens digit of b?
2
Suppose -90 + 10 = -4*f. Let s = 56 - f. What is the units digit of s?
6
Suppose 3*m = 2*g + 1351 - 65, 2 = g. What is the units digit of m?
0
Let f = -680 - -1011. What is the units digit of f?
1
Suppose -p + 3 + 4 = 0. Let a = 22 - p. What is the tens digit of 2*-1*(5 - a)?
2
Let i(j) = 2*j - 14. Let o = -4 + 9. Let b be i(o). Let s = 33 + b. What is the units digit of s?
9
Let t be -6 + (-2 + 1 - -2). Let j(u) = -u**3 - 6*u**2 - 6*u - 4. Let i be j(t). What is the tens digit of 24 + (-3 - -2) + i?
2
Let y = 4 - 6. What is the units digit of (-38)/y*(5 - 3)?
8
Let v = 49 + 5. What is the tens digit of v?
5
Let u(i) = i**3 - 17*i**2 + 3. Let x be u(17). Suppose -2*p + x*z + 130 = 0, -246 = -p - 3*p - z. What is the units digit of p?
2
Suppose 0 = -52*j + 37*j + 35160. What is the tens digit of j?
4
Let o be (-12)/(-2) + -28 + 22 - 4. Let i be 2/(-6) - (-64)/3. Let g = i - o. What is the units digit of g?
5
Let l(p) = 46*p**2 + 11*p - 155. What is the thousands digit of l(-7)?
2
Let r be (-8 - 4)/(-3) + -1. Suppose -r*s + 1 = -4*v - 1, -8 = -4*s. What is the units digit of v?
1
Suppose -t = 4*h - 3*t - 1794, -5*t + 25 = 0. What is the hundreds digit of h?
4
Let c(q) = 5*q**3 - 15*q**2 + 13*q - 8. What is the units digit of c(6)?
0
Suppose -4 = 4*k + 16. Let o(q) = -q**2 - 9*q - 11. Let h be o(k). Let m = 31 + h. What is the units digit of m?
0
Let j(t) be the first derivative of -t**4/2 - t**3/3 + 3*t**2 + 5*t - 3. Let s be j(-4). Suppose d = 4*d - s. What is the tens digit of d?
3
Let m = 1174 - 1008. What is the tens digit of m?
6
Let q(p) = p**2 - p + 4. Let l be q(0). Let b be (-444)/(-22) + 4/(-22). Suppose -3*r + b = j, -5*r - 10 = -l*j - 49. What is the units digit of r?
7
Suppose -5*q - 20 = 0, 3*q + 0*q + 12 = -3*a. Let k(p) = 2*p + 4. Let o be k(a). What is the tens digit of 32/(4/16*o)?
3
Let a(o) = 2*o**3 - 4*o**2 + 5*o + 3. Let j be a(3). Suppose -2*r = -4*u - 334, 2*r + j - 355 = -u. What is the tens digit of r?
6
Let r = -21 - -31. Let s = r - -15. What is the tens digit of s?
2
Suppose 2*v - 3*d - 4 = 2, 5*v = 2*d + 37. Suppose -v*i - 1173 + 3594 = 0. What is the tens digit of i?
6
Let z = 525 + -507. What is the tens digit of z?
1
Let f(r) = 103*r**2 - 6*r + 8. What is the hundreds digit of f(2)?
4
Let u be 368/(-20) + (-12)/(-30). Suppose -181 = 3*o - 37. Let z = u - o. What is the tens digit of z?
3
Suppose 6*j = 717 + 1947. What is the units digit of j?
4
Let t = 1477 + -1176. What is the units digit of t?
1
Let s(w) = -w**3 - 12*w**2 - 13*w - 6. Let f = -32 + 21. Let a be s(f). Let q = 51 - a. What is the units digit of q?
5
Suppose -2*q = -3*q + 4. Suppose -2*n = -4*x - 72, 5*n - x - 190 = q*x. Let f = n + -13. What is the tens digit of f?
2
Suppose 26*z - 11400 = -14*z. What is the tens digit of z?
8
Let x(b) = b**3 + 12*b**2 - 13*b + 2. Let k be x(-13). Suppose -k*l + 66 = -4*y, 2*y - 7*y = -5*l + 185. What is the tens digit of l?
4
Let f be 1*((-6)/(-2) + -2). Suppose -2*i = -5 + f. What is the units digit of (14/(-21))/(i/(-81))?
7
Suppose 5*a = -2*f + 130, -4*a - 4*f - f = -87. Let j(i) = i**3 - 29*i**2 + 29*i + 37. What is the units digit of j(a)?
5
Let y be 3 + 2/(-4)*-4. Let a(p) = -p + 8. Let t be a(y). Suppose t*v = 36 + 123. What is the tens digit of v?
5
Let p(t) = 13*t**3 + 7*t**2 - 9*t + 24. What is the thousands digit of p(5)?
1
Let g(a) = a**3 + 6*a**2 - 4*a + 1. Let d be g(-7). Let v = 4 - d. What is the tens digit of v?
2
Let w = 1308 + -857. What is the hundreds digit of w?
4
Let v(k) = k**2 + 4*k + 9. Suppose 5*w + 10 + 3 = -p, 4*p - 5*w - 23 = 0. Suppose 4*g + 26 = p. What is the units digit of v(g)?
1
Let h = -355 + 606. What is the units digit of h?
1
Let b be (-35)/10*(-8)/14. Suppose 2*z = -h + 6, -5*h + b*z - 2 = -4*h. Suppose j - 33 = -h*j. What is the tens digit of j?
1
Suppose 2*f - 5*g + 1 = 0, 4*g = 3*f + 3 + 9. Let x = 28 + f. What is the tens digit of x?
2
Let m = -337 + 473. Suppose 4*k - 4*n - m = k, n = -k + 43. What is the tens digit of k?
4
Suppose 2*y - 720 - 22 = 0. What is the hundreds digit of y?
3
Let y = -16 - -34. Suppose 2*g - y = -0*g. Let v = 10 - g. What is the units digit of v?
1
Suppose -12 + 0 = -3*d, 2*l - 2*d + 8 = 0. Suppose t - 78 + 18 = l. What is the units digit of t?
0
Let h(r) = -7*r + 3. Let c(o) = 21*o - 10. Let m(x) = -4*c(x) - 11*h(x). What is the tens digit of m(-9)?
7
What is the tens digit of (-29526)/(-63) + 4/(-6)?
6
Let f = 37 - 33. Suppose -2*w - 15 = 3*n, 0*w = -f*w - 5*n - 27. Let z(o) = 3*o**2 + 2*o - 2. What is the units digit of z(w)?
9
Let c be (-42)/(-11) + 18/99. What is the units digit of 30 